-2?
-164
In base 5, what is 400 + 3?
403
In base 11, what is -175 + -29?
-1a3
In base 3, what is -1022 - -2?
-1020
In base 7, what is -330 + -3?
-333
In base 4, what is 22 + 0?
22
In base 11, what is 7939 - -2?
7940
In base 10, what is -18114 + 2?
-18112
In base 3, what is -1021121 - 100?
-1021221
In base 8, what is 0 - -16?
16
In base 16, what is 13 + -30a?
-2f7
In base 3, what is -10011 + 1?
-10010
In base 15, what is -14a + -8?
-153
In base 2, what is 10 + -110001100111?
-110001100101
In base 14, what is 8 - 10da?
-10d2
In base 6, what is 1 + 521?
522
In base 3, what is -110 - -110121?
110011
In base 10, what is -3 + 127?
124
In base 11, what is -104 - 1?
-105
In base 14, what is 4a + 7?
53
In base 14, what is 0 + -131?
-131
In base 15, what is -18dc - -2?
-18da
In base 8, what is -1 + -615?
-616
In base 9, what is 140 - 16?
123
In base 11, what is 1 - 445?
-444
In base 9, what is 62 + -37?
24
In base 8, what is 1 + -275?
-274
In base 5, what is -34242 + -4?
-34301
In base 16, what is 15 - 48?
-33
In base 6, what is -112 - 1?
-113
In base 4, what is -111323 + 1?
-111322
In base 7, what is -4 - 311?
-315
In base 13, what is -45 - -5?
-40
In base 5, what is 1 + 1?
2
In base 11, what is -5927 - -2?
-5925
In base 4, what is 33 - 1033?
-1000
In base 16, what is -2 + -d7?
-d9
In base 14, what is 2c + -53?
-25
In base 15, what is -10 + -3?
-13
In base 2, what is -100111101 + -1000?
-101000101
In base 3, what is 22 + -121?
-22
In base 5, what is 3404 + 10?
3414
In base 15, what is 5 + 2e?
34
In base 4, what is -1 + -221333?
-222000
In base 16, what is 1 + -447?
-446
In base 5, what is -411130 + -10?
-411140
In base 2, what is 100100110 + 1?
100100111
In base 9, what is -510 + -20?
-530
In base 7, what is -4 - -322?
315
In base 3, what is 1 + -11110?
-11102
In base 4, what is -120 + 11?
-103
In base 5, what is -32 + 12?
-20
In base 6, what is -2051 + -2?
-2053
In base 4, what is 132 - -2000?
2132
In base 6, what is -3510 + -1?
-3511
In base 16, what is 9 + a?
13
In base 12, what is -1108 - 0?
-1108
In base 11, what is -239 - -4?
-235
In base 7, what is -1 + 132?
131
In base 12, what is 1 - 31?
-30
In base 10, what is 4 + -14?
-10
In base 4, what is 10212 - 1?
10211
In base 6, what is 3053 + 2?
3055
In base 8, what is 1 + 45?
46
In base 10, what is 0 - 268?
-268
In base 12, what is 2 - 203b?
-2039
In base 11, what is 8 - -36?
43
In base 5, what is 2 + 3002?
3004
In base 5, what is -10 + -200?
-210
In base 12, what is -1 - -689?
688
In base 14, what is 1 + 0?
1
In base 2, what is -100110111 + 1?
-100110110
In base 3, what is 11 - 102?
-21
In base 15, what is -73 + 4?
-6e
In base 10, what is 119 - -3?
122
In base 6, what is -5 - 135?
-144
In base 3, what is 1 + -22?
-21
In base 2, what is 11 + -11101001?
-11100110
In base 4, what is -31232022 - 10?
-31232032
In base 2, what is 1100001 + -10110?
1001011
In base 14, what is 18 + -db?
-c3
In base 8, what is -46 + 2?
-44
In base 7, what is -36 - 1?
-40
In base 8, what is -37 + -4?
-43
In base 6, what is -504 + -12?
-520
In base 14, what is 25 + 5?
2a
In base 3, what is -10 - 1221?
-2001
In base 13, what is -2 + 7c?
7a
In base 5, what is 14 - -3?
22
In base 16, what is 34 + 84?
b8
In base 12, what is -6 - -3651?
3647
In base 12, what is 179 + -4?
175
In base 6, what is 2045 + 3?
2052
In base 14, what is -1 + ba?
b9
In base 9, what is -362 + -5?
-367
In base 9, what is 27327 + -5?
27322
In base 2, what is -100 + -101100011?
-101100111
In base 9, what is 6 + -243?
-236
In base 12, what is -8 + 14?
8
In base 14, what is -12 - -10?
-2
In base 6, what is -1243 - -2?
-1241
In base 14, what is 4 + 1134?
1138
In base 9, what is -40 + -210?
-250
In base 13, what is 0 - -14?
14
In base 12, what is 126 - -19?
143
In base 14, what is 36 + 2ca?
322
In base 11, what is 3058 - 5?
3053
In base 10, what is -14 + 82?
68
In base 8, what is -2 - -301?
277
In base 4, what is 11 - -101331?
102002
In base 7, what is -4 - -105?
101
In base 4, what is 1 - -2123?
2130
In base 2, what is 1101 - 1110?
-1
In base 8, what is -164 - -17?
-145
In base 5, what is -23320 - 4?
-23324
In base 12, what is 66a - 3?
667
In base 16, what is -4 - 283?
-287
In base 10, what is 3 - 549?
-546
In base 7, what is -16 + 34?
15
In base 11, what is 124 - 1?
123
In base 15, what is -3 + 14d?
14a
In base 2, what is -110001 - -1?
-110000
In base 14, what is -3 + 207?
204
In base 6, what is 1335 - 11?
1324
In base 13, what is -91 - -4?
-8a
In base 2, what is -10011100 + -10101?
-10110001
In base 12, what is -3 + -533a?
-5341
In base 3, what is 0 - -10110?
10110
In base 5, what is -4 + 3?
-1
In base 6, what is 353 + 5?
402
In base 6, what is -114 + 150?
32
In base 16, what is 5d + -9c?
-3f
In base 13, what is 22 - -10?
32
In base 9, what is 32374 - -5?
32380
In base 7, what is 101 - -64?
165
In base 10, what is 6 + 126?
132
In base 10, what is -1 + 96?
95
In base 8, what is 5 - -1533?
1540
In base 13, what is 1 + -bb?
-ba
In base 11, what is 4 + -495?
-491
In base 9, what is 0 + 74?
74
In base 14, what is -49 - 4?
-4d
In base 3, what is -1001002 + -1?
-1001010
In base 5, what is -3 - 124221?
-124224
In base 15, what is 38 - -3?
3b
In base 16, what is 11 + -9c?
-8b
In base 2, what is -1111 - 1001001110?
-1001011101
In base 14, what is -8829 + 5?
-8824
In base 10, what is -3 - 3?
-6
In base 6, what is -104 + -3?
-111
In base 10, what is -1141 - -16?
-1125
In base 3, what is -2201222 - -12?
-2201210
In base 15, what is 2b + 5?
31
In base 14, what is 2 - -619?
61b
In base 8, what is -2 + 63?
61
In base 4, what is -33 + -200?
-233
In base 9, what is 558 - 3?
555
In base 13, what is 4 - -57?
5b
In base 4, what is 10 + -1302?
-1232
In base 2, what is 1111110 - 10?
1111100
In base 13, what is 5 + -8?
-3
In base 6, what is 4 - 430?
-422
In base 14, what is 36 - 2c?
8
In base 5, what is 10 - -413?
423
In base 8, what is -5 - -4201?
4174
In base 14, what is 7 + -147?
-140
In base 15, what is 48 - 8?
40
In base 10, what is -1963 - 0?
-1963
In base 16, what is -42c + -5?
-431
In base 5, what is 0 + -10112?
-10112
In base 9, what is -277 - 0?
-277
In base 16, what is da + -20?
ba
In base 15, what is -7 - a3?
-aa
In base 7, what is -6661 + 5?
-6653
In base 5, what is -11104 + 3?
-11101
In base 16, what is 17 - b?
c
In base 14, what is -279 + 2?
-277
In base 3, what is -2021 + -2?
-2100
In base 3, what is -21 - 122?
-220
In base 7, what is -5 - -4233?
4225
In base 8, what is -1555 - -2?
-1553
In base 2, what is -1011010000 + 111?
-1011001001
In base 8, what is 220 - -1?
221
In base 13, what is -24a + 7?
-243
In base 8, what is -166 - 15?
-203
In base 13, what is -1 + 18?
17
In base 9, what is -383 - -4?
-378
In base 8, what is 3 - 214?
-211
In base 16, what is -26 + 1?
-25
In base 14, what is -5 - -c0?
b9
In base 9, what is -1 - 1654?
-1655
In base 14, what is -32b + -3?
-330
In base 9, what is -10 - -106?
86
In base 9, what is -20 + -874?
-1004
In base 3, what is 11 - 11201?
-11120
In base 9, what is -3 - 4?
-7
In base 3, what is 1022 + -22?
1000
In base 2, what is -110110110101 - -100?
-110110110001
In base 12, what is -385 - -5?
-380
In base 11, what is 2 + -254?
-252
In base 12, what is -94 + 2a?
-66
In base 6, what is 22 + -1105?
-1043
In base 2, what is -11011111 + -1?
-11100000
In base 11, what is -7265 - 5?
-726a
In base 14, what is -da - 2?
-dc
In base 16, what is -af + -d?
-bc
In base 11, what is -581 - 0?
-581
In base 4, what is -102300 - 2?
-102302
In base 9, what is -421 + -8?
-430
In base 5, what is 13 + -12400?
-12332
In base 7, what is 5 + 240?
245
In base 9, what is -1168 + -8?
-1177
In base 3, what is 1111212 + 1?
1111220
In base 2, what is -1000101100011 + -101?
-1000101101000
In base 5, what is -2 - 113423?
-113430
In base 4, what is -12022 - 1?
-12023
In base 14, what is 3b51 - -4?
3b55
In base 4, what is -2 - -313212?
313210
In base 14, what is -8 - -47?
3d
In base 12, what is 7 + 15?
20
In base 7, what is 163 + 2?
165
In base 10, what is -7 - 1995?
-2002
In base 13, what is 0 + 8bb?
8bb
In base 12, what is 4 + -63?
-5b
In base 15, what is -3 - 5e?
-62
In base 12, what is 76 - 4?
72
In base 11, what is -50 + -2?
-52
In base 10, what is 5 - 185?
-180
In base 13, what is -16 + 183?
16a
In base 7, what is 1 + -64?
-63
In base 7, what is 4 + -1365?
-136